. What is the greatest common factor of 13 and d?
13
Let r be 4/10 + (-2)/5. Suppose 0 = -r*o - 2*o + 38. Let z = 7 + o. What is the highest common factor of 13 and z?
13
Let r(q) = q**3 + 5*q**2 - q. Suppose -p + 0 = 5. Let k be r(p). What is the greatest common divisor of 35 and k?
5
Let q = -3 - -4. Let t be (-7)/q*132/(-7). Suppose 2*m = 3*i - 42, -4*i + m + 25 = -26. What is the highest common divisor of i and t?
12
Suppose 5*h - 231 = 969. Let u = -13 + 43. What is the greatest common divisor of u and h?
30
Let d be 96 + (5 + -2 - 4). Suppose 5*r = -5*u + d, -2*r + 50 = -0*r + 5*u. Calculate the greatest common divisor of r and 3.
3
Let j be 10/(-15) + 13/(-3). Let o(h) = h + 2. Let i be o(-6). Let l be 1*-25*(j - i). Calculate the highest common factor of 10 and l.
5
Let k(c) be the second derivative of -c**5/20 - c**4/12 + c**3/3 - c**2/2 + 2*c. Let v be k(-3). What is the highest common factor of v and 22?
11
Let h be (-2)/4 + (-44)/(-8). Suppose 0*m + h*m = 35. Calculate the highest common factor of m and 35.
7
Let w(c) = 2*c - 3. Let b be w(7). Let l(m) = -98*m**3 + 2*m**2 - 1. Let k be l(-1). What is the highest common divisor of k and b?
11
Let n(j) = -j**3 - 7*j**2 - 6*j + 8. Let p be n(-6). What is the greatest common factor of 8 and p?
8
Let t(o) = -15*o - 6. Let q(i) = -14*i - 5. Let m(a) = -5*q(a) + 4*t(a). Let y be m(1). Calculate the highest common divisor of 44 and y.
11
Let t be (-7 - -3)*18/(-4). Suppose 3*w = -3*c + t, 5*w + 3*c = 33 - 3. Suppose -4*u = 3*h, -h + 1 = -4*u - 15. Calculate the highest common divisor of w and h.
2
Let a(z) be the first derivative of -z**3/3 + z**2/2 + 11*z + 2. Let t be a(0). What is the greatest common divisor of t and 22?
11
Suppose q - 11 - 9 = -4*a, 4*q - 5*a + 4 = 0. Calculate the greatest common factor of q and 8.
4
Let o(a) = -a + 11. Let d be o(10). Let u = 20 - d. Let k(x) = 34*x + 5. Let i be k(6). What is the highest common factor of u and i?
19
Suppose 2*m - m = 0. Suppose -q + 4*q + 12 = m. Let h be q/(-2) + 38 + -1. Calculate the highest common factor of 26 and h.
13
Suppose -4*c = -1 - 11. Suppose -2*f = c*d - 31, -d - 34 = -3*d - 4*f. Calculate the greatest common factor of 49 and d.
7
Suppose 0 = 14*l - 12*l + 4. Let n(h) = -h**3 + 4*h**2 + 1. Let v be n(4). Let u be (l/4)/(v/(-22)). Calculate the greatest common divisor of 99 and u.
11
Suppose 3*s = -2*f + 17, s - 2*f - f = 13. Calculate the greatest common factor of 63 and s.
7
Suppose 5*w + 45 = 5*g, -3*g - 5*w = -w - 34. Let m be -2*(3/1 - 4). Suppose 2*q - u = 5, q + q = m*u. Calculate the highest common factor of g and q.
5
Suppose -2 + 0 = -k. Let u be (-152)/(-7) - 6/(-21). What is the greatest common divisor of u and k?
2
Let r = -14 - -56. What is the highest common factor of 21 and r?
21
Let g be 31 + (-2)/(-4)*0. Suppose 344 = 5*w - g. Calculate the highest common divisor of w and 15.
15
Suppose 6 = -w + 4*w. Let h be 0 + (-9)/(-3) + 2. What is the highest common factor of w and h?
1
Let v = -92 - 177. Let s = v + 389. Let z be ((-5)/(-2))/(3/(2 + 16)). Calculate the greatest common factor of z and s.
15
Let g = -96 + 222. Calculate the highest common divisor of g and 18.
18
Let y = 132 - 108. Suppose 1 = -x + 4. Calculate the highest common factor of x and y.
3
Suppose 17*k + 320 = 27*k. Suppose 707 = 4*v + 67. What is the greatest common divisor of k and v?
32
Let m(x) = -x**3 + 16*x**2 + 19*x - 15. Let q be m(17). Calculate the greatest common divisor of q and 95.
19
Suppose -4*a - 8 = -40. Let f be a/6*(-6)/(-4). Suppose 0 = 5*c - 23 - f. Calculate the greatest common divisor of 10 and c.
5
Suppose 136 = m - 4*y, -2*m - 2*y = 68 - 340. What is the highest common factor of m and 17?
17
Suppose 138 = 2*o - 2*i, 5*o + i - 336 + 9 = 0. What is the highest common factor of o and 6?
6
Let t = 60 - 39. Calculate the greatest common divisor of 3 and t.
3
Let x = 4 - -5. Let w be (-12)/x*-12 - 0. Let r = 0 - -16. What is the highest common divisor of r and w?
16
Let f(m) = -2*m**2 - m - 1. Let b be f(-2). Let c(r) = -r**2 - 9*r + 4. Let i be c(b). Calculate the greatest common divisor of 126 and i.
18
Suppose -4*o = -3*g - 18, -4*g + 13 = -2*o + 47. Suppose 5*t + 8 = 98. Let v = t + g. Calculate the greatest common factor of 48 and v.
8
Suppose 150 = 3*z + 2*z. Suppose 0 = -3*w + 3*s - z, -2*w - 6 = 3*s - 1. Let b be (-4)/14 - 100/w. Calculate the greatest common divisor of 112 and b.
14
Let l(v) be the first derivative of -2 + 0*v - 2*v**2 + 2/3*v**3. Let s be l(4). Calculate the highest common divisor of 24 and s.
8
Let m(t) = t**3 - 5*t**2 - t - 6. Let y be m(6). Suppose 6*i = -546 + 594. What is the highest common factor of y and i?
8
Let s be (480/(-90))/((-4)/78). Suppose 2*u + 2 = 0, -3*t + 0*u - 3*u = -36. Calculate the greatest common divisor of s and t.
13
Suppose 0*m + 4*m + 16 = 0, -h - 14 = 5*m. Suppose -k + 12 = 2*k. Calculate the highest common divisor of h and k.
2
Suppose 0 = -4*x + 4*o + 68, -46 = -x - 2*x + 2*o. Suppose -c + 0*c = -x. Calculate the highest common divisor of 3 and c.
3
Let h(p) = -4*p. Let i be h(-2). Suppose i*a + 3 = 5*a. Let b be -2 - (9/a)/1. What is the greatest common factor of 63 and b?
7
Let j = 6 - 3. Suppose -14*h + 16 = -68. Calculate the greatest common divisor of j and h.
3
Let s(p) = p**2 + 30*p + 49. Let q be s(-31). Let m(w) = w**3 - 5*w**2 + 5*w - 5. Let i be m(5). Calculate the highest common divisor of i and q.
20
Let g = 65 - 20. Suppose -4*s = -51 - g. What is the greatest common factor of s and 8?
8
Let n be -1*(-34 + 3) + -1. Calculate the greatest common divisor of 6 and n.
6
Let c(z) be the first derivative of 23*z**4/4 - 1. Let f be c(1). Calculate the greatest common factor of 207 and f.
23
Suppose -4*u + 5*x = 9 + 2, 5*x = 15. Suppose h - 2*j - 2 = 0, -3*j + 4*j + u = -5*h. Let z = 2 + h. What is the highest common factor of 6 and z?
2
Suppose 10 = 2*g - 0*g, 0 = -n + g + 22. Suppose 4*l - 13 = n. Let k(f) = f**2 - 2*f - 3. Let j be k(-2). Calculate the highest common divisor of j and l.
5
Suppose w + 2*d + 3*d + 20 = 0, -4*w - 4*d = 0. Suppose 83 = 4*v + 3*p, -5*p + 4 + 21 = v. What is the greatest common factor of v and w?
5
Suppose 4*c + 105 - 465 = 0. Suppose -1 = -2*l + 7. Suppose 0 = -4*d + l, -2*g + 7*g - 2*d - 48 = 0. Calculate the highest common factor of g and c.
10
Let m(c) = 2*c**2 - 10*c + 9. Let v be m(7). Suppose 3*s = 5*b - 181, v = 2*b - 4*s - 41. Let q = -18 + b. What is the greatest common divisor of q and 17?
17
Let s(z) = z**2 - 4*z - 3. Let c be s(5). Suppose -8 = k - c*k. Let v be ((-59)/(-5) - -1)*5. What is the highest common factor of v and k?
8
Suppose -h + 44 = 6. Calculate the highest common divisor of 19 and h.
19
Let y(o) = o + 13. Let c(j) = j**2 - 9*j + 8. Let x be c(8). Let u be y(x). Let p = 65 - -65. Calculate the greatest common divisor of u and p.
13
Let v(t) = -t + 4*t + 7*t - 11 + t. Let y be v(8). Let c = y - 45. What is the greatest common factor of 8 and c?
8
Suppose -2*k - k + 6 = 0. What is the highest common factor of 5 and k?
1
Let d be 8/((-7)/(28/(-8))). Suppose 3*u + 2*h - 16 = 19, -55 = -d*u - h. What is the highest common factor of 30 and u?
15
Let s(y) = y**2 - 2*y - 3. Let v be s(4). Suppose d - 16 = -i - 2*i, v*i = 2*d + 1. What is the greatest common divisor of 7 and d?
7
Let h = 10 + -3. Let m(j) = j**3 - 8*j**2 + 8*j + 3. Let x be m(h). Let d be 164/10 - 4/x. What is the highest common factor of 112 and d?
16
Let c = -3 - 0. Let a be (32/(-6) - -2)*c. Suppose 2*g - a = -2. What is the highest common factor of 32 and g?
4
Let o = 8 - 11. Let g be 1/o + 56/6. Suppose -2*w = 4*q - 34, -2*w - 20 - 9 = -3*q. What is the greatest common factor of q and g?
9
Let g(f) = 4*f - 3. Let i be g(3). Let p be i/6*(0 - -6). Calculate the highest common divisor of p and 3.
3
Let n be 9/((2/(-2))/(-1)). Let q = 43 - -29. What is the greatest common factor of q and n?
9
Let n be (-12)/(-5) - 6/15. Suppose 0 = 5*z - n*z - 33. Calculate the highest common factor of z and 1.
1
Let v be 4 - (2/(-2) - 0). Suppose -v*k = k - 210. Suppose 0 = 4*l - i - 26, 2*l + 3*i = 2*i + 16. What is the greatest common factor of k and l?
7
Let u = -210 - -216. Calculate the greatest common factor of 9 and u.
3
Suppose 4*v - 472 = -